5
2211
Convert -4002 (base 11) to base 9.
-7267
Convert -2cb (base 13) to base 9.
-621
What is 616 (base 11) in base 4?
23213
-278d (base 14) to base 12
-4061
Convert 151035 (base 6) to base 13.
67a0
Convert 6718 (base 13) to base 7.
56641
What is -1013 (base 7) in base 12?
-255
What is 1510 (base 7) in base 8?
1123
Convert 11310 (base 4) to base 13.
228
Convert 10753 (base 9) to base 7.
26631
13131 (base 8) to base 6
42253
-21051 (base 7) to base 3
-21002220
-1ad2 (base 15) to base 14
-219c
Convert 103656 (base 9) to base 3.
10010201220
What is 10011010011 (base 2) in base 8?
2323
What is 211201 (base 3) in base 11?
508
-830 (base 10) to base 12
-592
What is -420b (base 12) in base 10?
-7211
What is -2eac (base 15) in base 16?
-274e
-c3b (base 13) to base 7
-6026
What is 2892 (base 10) in base 5?
43032
What is 17656 (base 11) in base 15?
74ea
Convert -1300 (base 9) to base 4.
-33030
-14 (base 8) to base 11
-11
Convert 19a1 (base 12) to base 8.
6111
200 (base 10) to base 11
172
Convert 210102 (base 4) to base 16.
912
Convert -84d (base 15) to base 8.
-3521
Convert -3915 (base 14) to base 13.
-4735
532 (base 6) to base 13
125
52 (base 12) to base 6
142
What is -2316 (base 11) in base 5?
-44132
What is 35112 (base 7) in base 8?
21420
113034 (base 5) to base 14
1720
300 (base 8) to base 3
21010
Convert 1140 (base 5) to base 16.
aa
What is 14350 (base 6) in base 15?
a33
111000110 (base 2) to base 4
13012
-14116 (base 13) to base 12
-19881
Convert 10010010110 (base 2) to base 3.
1121111
What is 24 (base 12) in base 10?
28
What is 399 (base 10) in base 5?
3044
-399 (base 13) to base 3
-212110
Convert -10122200 (base 3) to base 14.
-d84
926 (base 13) to base 16
611
Convert -201302 (base 4) to base 6.
-14002
Convert -105 (base 12) to base 13.
-b6
What is 21321 (base 7) in base 4?
1102323
What is 13355 (base 7) in base 16?
e21
399a (base 11) to base 9
7107
Convert 1411 (base 13) to base 14.
10a3
What is 242 (base 14) in base 12?
316
What is 64544 (base 8) in base 16?
6964
Convert -625 (base 8) to base 10.
-405
Convert 101200211 (base 3) to base 13.
371b
Convert -13204 (base 7) to base 10.
-3532
Convert 111021 (base 3) to base 5.
2413
-2102200 (base 3) to base 2
-11011101101
What is 4622 (base 7) in base 6?
11442
Convert 2044 (base 8) to base 5.
13220
Convert 101011011011000 (base 2) to base 8.
53330
Convert 10100010110 (base 2) to base 8.
2426
What is 5057 (base 12) in base 10?
8707
5040 (base 6) to base 16
450
Convert 200101 (base 3) to base 9.
611
What is 7885 (base 10) in base 8?
17315
What is -50 (base 11) in base 5?
-210
5142 (base 6) to base 16
476
What is 2c7f (base 16) in base 8?
26177
What is -6c9 (base 14) in base 10?
-1353
What is 505a7 (base 11) in base 16?
120c7
-19a7 (base 11) to base 16
-9e9
Convert 4572 (base 10) to base 13.
2109
Convert 1147 (base 11) to base 14.
795
1111110111 (base 2) to base 13
601
What is -30102 (base 4) in base 16?
-312
Convert 36161 (base 11) to base 3.
2122110112
What is 5468 (base 12) in base 15?
2b4b
Convert a874 (base 12) to base 4.
10201120
-454 (base 11) to base 13
-32a
1021111 (base 3) to base 4
32203
Convert 1001011100 (base 2) to base 15.
2a4
Convert 6455 (base 10) to base 15.
1da5
a523 (base 11) to base 12
8098
-17666 (base 9) to base 5
-342320
Convert -216 (base 13) to base 5.
-2412
What is 1110111100 (base 2) in base 13?
587
-5431 (base 8) to base 13
-13a7
110110000010 (base 2) to base 4
312002
-535 (base 9) to base 16
-1b5
Convert 101101112 (base 3) to base 15.
239e
44443 (base 6) to base 15
1c99
-233113 (base 4) to base 8
-5727
-100010111110 (base 2) to base 16
-8be
What is 147 (base 11) in base 2?
10101100
Convert -4d0 (base 14) to base 11.
-7a9
What is -2356 (base 8) in base 10?
-1262
-1000000 (base 2) to base 9
-71
What is -26421 (base 9) in base 15?
-5444
Convert -495e (base 15) to base 10.
-15614
What is -5395 (base 10) in base 14?
-1d75
What is -1264 (base 11) in base 6?
-11335
What is 10110110110 (base 2) in base 7?
4156
What is -32 (base 16) in base 6?
-122
Convert 2022102220 (base 3) to base 12.
22413
40343 (base 6) to base 7
21336
What is -13 (base 15) in base 7?
-24
Convert 1730a (base 13) to base 6.
541453
Convert -981 (base 11) to base 9.
-1548
What is -2241 (base 7) in base 3?
-1010010
Convert -220300 (base 4) to base 10.
-2608
What is -1045 (base 14) in base 5?
-42210
3210 (base 6) to base 10
726
-aac8 (base 14) to base 8
-71610
Convert -1001010011 (base 2) to base 15.
-29a
Convert -13112 (base 4) to base 11.
-398
101011001111011 (base 2) to base 8
53173
-14230 (base 7) to base 13
-1a05
-858 (base 14) to base 15
-74b
Convert -732d (base 15) to base 16.
-5f17
-11711 (base 9) to base 10
-7867
-1173 (base 8) to base 13
-39b
11111011 (base 3) to base 4
303013
Convert -1a889 (base 12) to base 7.
-222333
Convert -10b0a (base 12) to base 15.
-693a
-3083 (base 16) to base 10
-12419
Convert -c2bb (base 13) to base 9.
-40750
Convert -1a884 (base 11) to base 7.
-150403
Convert 11011101101 (base 2) to base 6.
12113
What is 1220210 (base 3) in base 11?
1061
Convert 37244 (base 8) to base 14.
5bb6
What is 31 (base 6) in base 15?
14
Convert -3154 (base 7) to base 12.
-791
1020002202 (base 3) to base 10
24131
1663 (base 7) to base 9
837
332 (base 15) to base 11
5a7
1017 (base 8) to base 3
201112
-18676 (base 12) to base 4
-20222322
Convert 381 (base 11) to base 5.
3302
What is -641 (base 9) in base 4?
-20023
What is -18ea3 (base 15) in base 2?
-10011110000100000
What is 88 (base 16) in base 8?
210
Convert 1781 (base 12) to base 11.
2146
1611 (base 8) to base 14
489
-28 (base 11) to base 15
-20
1143 (base 9) to base 12
5a9
Convert 1306 (base 12) to base 6.
14010
Convert -d0 (base 15) to base 7.
-366
What is 1233102 (base 5) in base 8?
57130
-dc07 (base 14) to base 15
-b406
What is 2cb (base 14) in base 15?
281
Convert 1042 (base 5) to base 11.
124
What is 11d8e (base 16) in base 14?
1c8d8
What is 23444 (base 9) in base 7?
63460
What is 130312 (base 8) in base 5?
2422013
-c03 (base 16) to base 9
-4186
-56207 (base 8) to base 3
-1012111022
5175 (base 8) to base 12
1679
What is -39954 (base 10) in base 6?
-504550
What is 3236 (base 14) in base 3?
102220012
Convert 22210 (base 9) to base 7.
61002
-257 (base 15) to base 11
-444
What is 121310 (base 4) in base 2?
11001110100
Convert -24214 (base 8) to base 13.
-4956
What is -111022212 (base 3) in base 10?
-9716
What is -332 (base 9) in base 7?
-536
Convert 40514 (base 6) to base 3.
21101001
Convert 4470 (base 16) to base 9.
26026
What is 111251 (base 6) in base 5?
300031
Convert 4254 (base 10) to base 15.
13d9
What is -3a2 (base 11) in base 5?
-3400
What is -100001110010 (base 2) in base 6?
-14002
What is -21401 (base 5) in base 14?
-776
Convert -7219 (base 13) to base 9.
-23527
What is -1a9 (base 14) in base 2?
-101011001
-1211113 (base 5) to base 6
-252522
-11223 (base 5) to base 15
-393
Convert 2487 (base 9) to base 8.
3505
What is -8068 (base 9) in base 12?
-34b2
What is -100110010000 (base 2) in base 14?
-c6c
-331401 (base 5) to base 3
-120202001
What is 320212 (base 6) in base 9?
38588
What is -102120 (base 4) in base 5?
-14201
266444 (base 7) to base 13
19b89
5094 (base 10) to base 16
13e6
What is 634 (base 9) in base 3?
201011
Convert 4a99 (base 15) to base 14.
5b14
What is 38a (base 16) in base 15?
406
What is -2339 (base 10) in base 2?
-100100100011
Convert 101000111001000 (base 2) to base 15.
630b
What is 10875 (base 12) in base 8?
52731
-398 (base 10) to base 15
-1b8
What is -1a7 (base 13) in base 2?
-100110010
What is -1251 (base 8) in base 11?
-56a
Convert 1514 (base 6) to base 15.
1c1
What is 10000 (base 6) in base 16?
510
What is -55ab (base 12) in base 7?
-36446
Convert 475 (base 9) to base 2.
110001000
3044204 (base 5) to base 9
75436
Convert -111210 (base 3) to base 2.
-101110100
What is -511 (base 16) in base 13?
-78a
What is 60 (base 9) in base 15?
39
What is 2111000 (base 3) in base 15?
809
Convert 14a24 (base 12) to base 2.
111000110111100
Convert -57a (base 12) to base 14.
-422
What is 11510 (base 6) in base 9?
2286
What is -2091 (base 11) in base 3?
-10210022
What is 3b013 (base 12) in base 5?
10044411
Convert 680 (base 10) to base 5.
10210
What is -104 (base 10) in base 3?
-10212
41332 (base 5) to base 6
20325
-dd (base 16) to